
What is the thousands digit of 4909559?
9
What is the millions digit of 15543114?
5
What is the thousands digit of 99601?
9
What is the ten thousands digit of 1807053?
0
What is the tens digit of 1749202?
0
What is the hundred thousands digit of 118447?
1
What is the ten thousands digit of 22243585?
4
What is the ten thousands digit of 11769333?
6
What is the hundred thousands digit of 11878685?
8
What is the ten millions digit of 16929905?
1
What is the ten thousands digit of 2526267?
2
What is the ten thousands digit of 1524190?
2
What is the hundreds digit of 12883?
8
What is the tens digit of 626067?
6
What is the hundred thousands digit of 150961?
1
What is the tens digit of 29654?
5
What is the hundreds digit of 472177?
1
What is the ten thousands digit of 52772?
5
What is the tens digit of 3247?
4
What is the units digit of 141691?
1
What is the tens digit of 620161?
6
What is the hundred thousands digit of 139742?
1
What is the ten thousands digit of 585415?
8
What is the tens digit of 194614?
1
What is the ten thousands digit of 112259?
1
What is the millions digit of 2036550?
2
What is the thousands digit of 26168098?
8
What is the thousands digit of 994315?
4
What is the ten thousands digit of 722695?
2
What is the hundreds digit of 6102311?
3
What is the hundreds digit of 96317?
3
What is the hundreds digit of 13831228?
2
What is the thousands digit of 27679?
7
What is the thousands digit of 9683548?
3
What is the hundred thousands digit of 6503683?
5
What is the hundreds digit of 547884?
8
What is the millions digit of 2311917?
2
What is the hundred thousands digit of 5167084?
1
What is the hundred thousands digit of 25089324?
0
What is the units digit of 1853823?
3
What is the units digit of 151595?
5
What is the ten thousands digit of 370624?
7
What is the hundred thousands digit of 1824101?
8
What is the tens digit of 39462?
6
What is the hundreds digit of 660463?
4
What is the hundreds digit of 3312739?
7
What is the thousands digit of 2102100?
2
What is the hundred thousands digit of 1269621?
2
What is the hundred thousands digit of 5764070?
7
What is the units digit of 421914?
4
What is the ten thousands digit of 16908832?
0
What is the tens digit of 84961?
6
What is the units digit of 3568625?
5
What is the hundred thousands digit of 669503?
6
What is the units digit of 1578697?
7
What is the ten thousands digit of 673076?
7
What is the hundreds digit of 40399365?
3
What is the ten thousands digit of 1204704?
0
What is the tens digit of 219962?
6
What is the units digit of 183206?
6
What is the hundreds digit of 115776?
7
What is the millions digit of 3441750?
3
What is the thousands digit of 570682?
0
What is the tens digit of 8712164?
6
What is the hundreds digit of 1250642?
6
What is the hundred thousands digit of 3579629?
5
What is the hundreds digit of 620498?
4
What is the millions digit of 9445766?
9
What is the ten thousands digit of 660587?
6
What is the thousands digit of 493109?
3
What is the tens digit of 1031578?
7
What is the ten thousands digit of 3383427?
8
What is the hundreds digit of 2698763?
7
What is the thousands digit of 6426725?
6
What is the thousands digit of 232690?
2
What is the thousands digit of 45644?
5
What is the thousands digit of 2038345?
8
What is the hundred thousands digit of 2031155?
0
What is the units digit of 197190?
0
What is the ten thousands digit of 143129?
4
What is the millions digit of 13288627?
3
What is the hundred thousands digit of 8519065?
5
What is the hundreds digit of 4536175?
1
What is the tens digit of 14111930?
3
What is the hundreds digit of 17529039?
0
What is the hundred thousands digit of 196113?
1
What is the tens digit of 224843?
4
What is the tens digit of 2126913?
1
What is the units digit of 3438204?
4
What is the thousands digit of 2772763?
2
What is the tens digit of 119539?
3
What is the tens digit of 1703805?
0
What is the units digit of 789402?
2
What is the units digit of 13936260?
0
What is the hundred thousands digit of 4022915?
0
What is the ten thousands digit of 3272721?
7
What is the hundred thousands digit of 2060098?
0
What is the ten thousands digit of 740489?
4
What is the units digit of 26982?
2
What is the hundred thousands digit of 5637935?
6
What is the units digit of 295629?
9
What is the units digit of 652730?
0
What is the tens digit of 2771558?
5
What is the thousands digit of 343281?
3
What is the thousands digit of 76296?
6
What is the millions digit of 10617895?
0
What is the thousands digit of 3229023?
9
What is the millions digit of 22476696?
2
What is the millions digit of 23966653?
3
What is the hundred thousands digit of 176673?
1
What is the hundred thousands digit of 1356510?
3
What is the hundred thousands digit of 1563474?
5
What is the units digit of 3290648?
8
What is the ten thousands digit of 5313710?
1
What is the thousands digit of 3935377?
5
What is the ten thousands digit of 4091773?
9
What is the thousands digit of 4717307?
7
What is the hundred thousands digit of 901675?
9
What is the hundred thousands digit of 4995615?
9
What is the ten thousands digit of 302833?
0
What is the hundreds digit of 2253735?
7
What is the hundred thousands digit of 102109?
1
What is the hundreds digit of 17895879?
8
What is the tens digit of 337675?
7
What is the units digit of 6459408?
8
What is the thousands digit of 498107?
8
What is the tens digit of 325125?
2
What is the units digit of 31553439?
9
What is the thousands digit of 384628?
4
What is the millions digit of 1648967?
1
What is the millions digit of 6553554?
6
What is the hundred thousands digit of 17374538?
3
What is the hundreds digit of 232994?
9
What is the millions digit of 2084485?
2
What is the hundred thousands digit of 2250933?
2
What is the units digit of 67482?
2
What is the thousands digit of 288386?
8
What is the thousands digit of 190628?
0
What is the hundreds digit of 3151033?
0
What is the hundreds digit of 247603?
6
What is the hundreds digit of 5147356?
3
What is the units digit of 10329881?
1
What is the ten thousands digit of 13391062?
9
What is the tens digit of 15173522?
2
What is the millions digit of 1231016?
1
What is the ten thousands digit of 4570638?
7
What is the thousands digit of 884604?
4
What is the ten thousands digit of 223967?
2
What is the units digit of 5197868?
8
What is the hundred thousands digit of 1105000?
1
What is the hundreds digit of 6731762?
7
What is the hundreds digit of 18987275?
2
What is the hundreds digit of 10243987?
9
What is the units digit of 453891?
1
What is the units digit of 748931?
1
What is the hundreds digit of 410528?
5
What is the ten thousands digit of 5316338?
1
What is the hundred thousands digit of 228305?
2
What is the units digit of 175880?
0
What is the ten thousands digit of 4230628?
3
What is the ten thousands digit of 984610?
8
What is the hundreds digit of 2546396?
3
What is the thousands digit of 18689686?
9
What is the thousands digit of 1884660?
4
What is the thousands digit of 212417?
2
What is the tens digit of 1705071?
7
What is the millions digit of 3841542?
3
What is the ten thousands digit of 813428?
1
What is the thousands digit of 454822?
4
What is the thousands digit of 23103061?
3
What is the ten thousands digit of 3924882?
2
What is the thousands digit of 3962350?
2
What is the thousands digit of 2091215?
1
What is the units digit of 3767854?
4
What is the tens digit of 3660969?
6
What is the ten thousands digit of 846701?
4
What is the thousands digit of 6425507?
5
What is the thousands digit of 946101?
6
What is the ten thousands digit of 5481140?
8
What is the hundred thousands digit of 12967093?
9
What is the tens digit of 5483403?
0
What is the thousands digit of 1464214?
4
What is the hundred thousands digit of 8059317?
0
What is the tens digit of 1026274?
7
What is the hundreds digit of 1317872?
8
What is the hundreds digit of 540309?
3
What is the hundreds digit of 149578?
5
What is the ten thousands digit of 2000010?
0
What is the hundreds digit of 927879?
8
What is the units digit of 24017943?
3
What is the ten thousands digit of 188766?
8
What is the hundreds digit of 1451977?
9
What is the ten thousands digit of 1794768?
9
What is the hundreds digit of 68551?
